{"id":33,"date":"2013-08-01T15:56:33","date_gmt":"2013-08-01T15:56:33","guid":{"rendered":"http:\/\/balbucio.com\/?page_id=33"},"modified":"2013-10-01T10:14:44","modified_gmt":"2013-10-01T10:14:44","slug":"artistas","status":"publish","type":"page","link":"http:\/\/balbucio.com\/?page_id=33","title":{"rendered":"Artistas"},"content":{"rendered":"<p><em><a href=\"http:\/\/balbucio.com\/wp-content\/uploads\/2013\/08\/andre.jpg\"><img loading=\"lazy\" class=\"alignleft size-full wp-image-2061\" alt=\"andre\" src=\"http:\/\/balbucio.com\/wp-content\/uploads\/2013\/08\/andre.jpg\" width=\"1000\" height=\"250\" srcset=\"http:\/\/balbucio.com\/wp-content\/uploads\/2013\/08\/andre.jpg 1000w, http:\/\/balbucio.com\/wp-content\/uploads\/2013\/08\/andre-300x75.jpg 300w\" sizes=\"(max-width: 1000px) 100vw, 1000px\" \/><\/a><br \/>\nAndr\u00e9 Quintino<\/em><\/p>\n<p>Andr\u00e9 Quintino \u00e9 artista multi-media, mestre em Cria\u00e7\u00e3o Art\u00edstica Contempor\u00e2nea pela Universidade de Aveiro (Portugal) e bacharel em Comunica\u00e7\u00e3o Social pela Universidade Federal do Cear\u00e1. Foi um dos membros fundadores do coletivo Balbucio (2003-2011), grupo destinado a investigar os modos de representa\u00e7\u00e3o na arte contempor\u00e2nea. Junto com o coletivo, executou mais de 40 projetos, entre semin\u00e1rios, resid\u00eancia, exposi\u00e7\u00f5es, performances e instala\u00e7\u00f5es. Nos \u00faltimos anos, desenvolve projetos autorais de interven\u00e7\u00f5es urbanas, instala\u00e7\u00f5es sonoras e arte digital; a tem\u00e1tica desses trabalhos envolve experi\u00eancias cotidianas e, em especial, as tecnologias ordin\u00e1rias. Atua profissionalmente como empres\u00e1rio na \u00e1rea de pesquisa de mercado.<\/p>\n<p><a title=\"contato\" href=\"mailto:andreqlp@gmail.com\" target=\"_blank\">Contato<\/a> | <a title=\"Projeto Entorno\" href=\"https:\/\/www.facebook.com\/pessoasemtransicao\" target=\"_blank\">Projeto Entorno<\/a> | <a title=\"Cen\u00e1rios Pesquisa\" href=\"http:\/\/cenariospesquisa.com.br\/\" target=\"_blank\">Empresa<\/a><\/p>\n<p>+++<\/p>\n<p><em><a href=\"http:\/\/balbucio.com\/wp-content\/uploads\/2013\/08\/salas.jpg\"><img loading=\"lazy\" class=\"alignleft size-full wp-image-2063\" alt=\"salas\" src=\"http:\/\/balbucio.com\/wp-content\/uploads\/2013\/08\/salas.jpg\" width=\"1000\" height=\"250\" srcset=\"http:\/\/balbucio.com\/wp-content\/uploads\/2013\/08\/salas.jpg 1000w, http:\/\/balbucio.com\/wp-content\/uploads\/2013\/08\/salas-300x75.jpg 300w\" sizes=\"(max-width: 1000px) 100vw, 1000px\" \/><\/a>Chris Salas<\/em><\/p>\n<p>Chris Salas Roldan \u00e9 bacharel em Comunica\u00e7\u00e3o Social pela Universidade Federal do Cear\u00e1 &#8211; UFC (2008). Atualmente cursa o Bacharelado Interdisciplina<wbr \/>r em Artes e Design da Universidade Federal de Juiz de Fora &#8211; UFJF. \u00a0\u00c9 bolsista do Grupo ILEA &#8211; Interven\u00e7\u00f5es em lugares, espa\u00e7os e adjac\u00eancias do IAD\/UFJF. Atua como publicit\u00e1ria e designer freelancer.<\/p>\n<p><a title=\"ILEA\" href=\"http:\/\/www.ufjf.br\/ilea\/\" target=\"_blank\">ILEA<\/a> | <a title=\"Instagram\" href=\"http:\/\/instagram.com\/chirssalas\" target=\"_blank\">Instagram<\/a><\/p>\n<p>+++<\/p>\n<p><em><a href=\"http:\/\/balbucio.com\/wp-content\/uploads\/2013\/08\/eddy.jpg\"><img loading=\"lazy\" class=\"alignleft size-full wp-image-2062\" alt=\"eddy\" src=\"http:\/\/balbucio.com\/wp-content\/uploads\/2013\/08\/eddy.jpg\" width=\"1000\" height=\"250\" srcset=\"http:\/\/balbucio.com\/wp-content\/uploads\/2013\/08\/eddy.jpg 1000w, http:\/\/balbucio.com\/wp-content\/uploads\/2013\/08\/eddy-300x75.jpg 300w\" sizes=\"(max-width: 1000px) 100vw, 1000px\" \/><\/a><br \/>\nEdmilson Jr (Juin)<\/em><\/p>\n<p>Edmilson Jr. (Juin) tem mestrado na linha de Fotografia e Audiovisual pelo Programa de P\u00f3s-Gradua\u00e7\u00e3o em Comunica\u00e7\u00e3o da UFC (2013) e possui gradua\u00e7\u00e3o em Comunica\u00e7\u00e3o Social (2008) na mesma institui\u00e7\u00e3o. \u00c9 designer gr\u00e1fico e trabalha desde 2003 nas \u00e1reas de Comunica\u00e7\u00e3o, Performance e Artes, com \u00eanfase nas Artes Visuais. Atualmente desenvolve projetos relacionando os conceitos de corpo, espa\u00e7o e dispositivo. \u00c9 membro desde 2009, do Laborat\u00f3rio de Investiga\u00e7\u00e3o em Corpo Comunica\u00e7\u00e3o e Artes \u2013 LICCA e do Grupo de Estudos Sobre Vil\u00e9m Flusser. Grupos de estudo vinculados \u00e0 Universidade Federal do Cear\u00e1 e registrados no CNPQ.<\/p>\n<p><a title=\"Contato\" href=\"mailto:juinhq@gmail.com\" target=\"_blank\">Contato<\/a> | <a title=\"LinkedIn\" href=\"http:\/\/www.linkedin.com\/pub\/edmilson-junior\/3a\/406\/a76\" target=\"_blank\">LinkedIn<\/a> | <a title=\"Lattes\" href=\"http:\/\/buscatextual.cnpq.br\/buscatextual\/visualizacv.do?metodo=apresentar&amp;id=K4453069Z2\" target=\"_blank\">Lattes<\/a> | <a title=\"Portf\u00f3lio\" href=\"http:\/\/vejaoqueeufiz.wordpress.com\/\" target=\"_blank\">Portf\u00f3lio<\/a><\/p>\n<p>+++<\/p>\n<p><em><a href=\"http:\/\/balbucio.com\/wp-content\/uploads\/2013\/08\/vilnei.jpg\"><img loading=\"lazy\" class=\"alignleft size-full wp-image-2065\" alt=\"vilnei\" src=\"http:\/\/balbucio.com\/wp-content\/uploads\/2013\/08\/vilnei.jpg\" width=\"1000\" height=\"250\" srcset=\"http:\/\/balbucio.com\/wp-content\/uploads\/2013\/08\/vilnei.jpg 1000w, http:\/\/balbucio.com\/wp-content\/uploads\/2013\/08\/vilnei-300x75.jpg 300w\" sizes=\"(max-width: 1000px) 100vw, 1000px\" \/><\/a><br \/>\nJo\u00e3o Vilnei<\/em><\/p>\n<p>Jo\u00e3o Vilnei \u00e9 doutorando em Arte e Design pela Faculdade de Belas Artes da Universidade do Porto &#8211; FBAUP, Mestre em Cria\u00e7\u00e3o Art\u00edstica Contempor\u00e2nea pela Universidade de Aveiro (2009) e Bacharel em Publicidade e Propaganda pela Universidade Federal do Cear\u00e1 &#8211; UFC (2006). Artista visual e performer, integra ainda o Laborat\u00f3rio de Investiga\u00e7\u00e3o em Corpo, Comunica\u00e7\u00e3o e Arte &#8211; LICCA\/UFC, o Instituto de Investiga\u00e7\u00e3o em Design, Media e Cultura &#8211; iD+ e o Instituto de Investiga\u00e7\u00e3o em Arte, Design e Sociedade &#8211; i2ADS\/FBAUP.<\/p>\n<p><a title=\"Contato\" href=\"mailto:joaovilnei@gmail.com\" target=\"_blank\">Contato<\/a> | <a title=\"Lattes\" href=\"http:\/\/lattes.cnpq.br\/7212307806105123\" target=\"_blank\">Lattes<\/a> | <a title=\"Portf\u00f3lio\" href=\"https:\/\/www.facebook.com\/joaovilnei\" target=\"_blank\">Portf\u00f3lio<\/a> | <a title=\"Projeto Pores-do-sol\" href=\"https:\/\/www.facebook.com\/dozeporesdosol\" target=\"_blank\">Projeto Pores-do-sol<\/a> | <a title=\"Canal no Youtube\" href=\"https:\/\/www.youtube.com\/jvilnei\" target=\"_blank\">Youtube<\/a><\/p>\n<p>+++<\/p>\n<p><em><a href=\"http:\/\/balbucio.com\/wp-content\/uploads\/2013\/08\/tobias1.jpg\"><img loading=\"lazy\" class=\"alignleft size-full wp-image-2064\" alt=\"tobias\" src=\"http:\/\/balbucio.com\/wp-content\/uploads\/2013\/08\/tobias1.jpg\" width=\"1000\" height=\"250\" srcset=\"http:\/\/balbucio.com\/wp-content\/uploads\/2013\/08\/tobias1.jpg 1000w, http:\/\/balbucio.com\/wp-content\/uploads\/2013\/08\/tobias1-300x75.jpg 300w\" sizes=\"(max-width: 1000px) 100vw, 1000px\" \/><\/a><br \/>\nTobias Gaede<\/em><\/p>\n<p>Tobias Gaede \u00e9 artista visual e pesquisador, fez parte do Projeto Balbucio (coletivo de artistas atuantes em Fortaleza) desde sua funda\u00e7\u00e3o em 2003 e do Laborat\u00f3rio de Investiga\u00e7\u00e3o em Corpo, Comunica\u00e7\u00e3o e Arte da Universidade Federal do Cear\u00e1. Atua profissionalmente na \u00e1rea de programa\u00e7\u00e3o visual e dire\u00e7\u00e3o de arte. Tobias tem gradua\u00e7\u00e3o em Comunica\u00e7\u00e3o Social com habilita\u00e7\u00e3o em Publicidade e Propaganda pela UFC e \u00e9 mestre pela mesma institui\u00e7\u00e3o na linha de Fotografia e Audiovisual. Tobias teve uma passagem como estudante visitante no curso de Artes Visuais da ECA-USP e j\u00e1 apresentou trabalhos art\u00edsticos e acad\u00eamicos na Universidade de Aveiro (Portugal), Universidade do Porto (Portugal), Faculdade C\u00e1sper L\u00edbero (S\u00e3o Paulo), Festival Palco Girat\u00f3rio, Bienal de Dan\u00e7a do Cear\u00e1, Performa 09, Performa11, Centro Cultural do Banco do Nordeste, DeVerCidade, entre outros.<\/p>\n<p><a title=\"Portf\u00f3lio\" href=\"http:\/\/en.calameo.com\/read\/002424396c069ee933336\" target=\"_blank\">Portf\u00f3lio<\/a>\u00a0|\u00a0<a title=\"Lattes\" href=\"https:\/\/soundcloud.com\/tobiasgaede\" target=\"_blank\">Soundcloud<\/a>\u00a0|\u00a0<a title=\"Lattes\" href=\"http:\/\/buscatextual.cnpq.br\/buscatextual\/visualizacv.do?id=W2610628\" target=\"_blank\">Lattes<\/a> | <a title=\"P\u00e1gina\" href=\"http:\/\/www.entre-tantos.com\/#!home\/mainPage\" target=\"_blank\">ENTRETANTOS<\/a><\/p>\n<p>+++<\/p>\n<p><em><a href=\"http:\/\/balbucio.com\/wp-content\/uploads\/2013\/08\/wellington.jpg\"><img loading=\"lazy\" class=\"alignleft size-full wp-image-2066\" alt=\"wellington\" src=\"http:\/\/balbucio.com\/wp-content\/uploads\/2013\/08\/wellington.jpg\" width=\"1000\" height=\"250\" srcset=\"http:\/\/balbucio.com\/wp-content\/uploads\/2013\/08\/wellington.jpg 1000w, http:\/\/balbucio.com\/wp-content\/uploads\/2013\/08\/wellington-300x75.jpg 300w\" sizes=\"(max-width: 1000px) 100vw, 1000px\" \/><\/a><br \/>\nWellington Jr. (Tutunho)<\/em><\/p>\n<p>Antonio Wellington de Oliveira Junior (Tutunho) possui gradua\u00e7\u00e3o em Comunica\u00e7\u00e3o Social pela Universidade Federal do Cear\u00e1 UFC (1992), mestrado (1997) e doutorado (2001) em Comunica\u00e7\u00e3o e Semi\u00f3tica pela Pontif\u00edcia Universidade Cat\u00f3lica de S\u00e3o Paulo PUC-SP. P\u00f3s-Doutorando em Artes no Departamento de Comunica\u00e7\u00e3o e Artes DeCA da Universidade de Aveiro UA. Membro do Instituto de Investiga\u00e7\u00e3o em Design, Media e Cultura ID+. Atualmente \u00e9 professor adjunto do Instituto de Cultura e Arte ICA e do Programa de P\u00f3s-Gradua\u00e7\u00e3o em Comunica\u00e7\u00e3o PPGCom da UFC. \u00c9 l\u00edder do Laborat\u00f3rio de Investiga\u00e7\u00e3o em Corpo, Comunica\u00e7\u00e3o e Arte LICCA, registrado no Diret\u00f3rio dos Grupos de Pesquisa do CNPq. Artista visual e performer. Tem experi\u00eancia na \u00e1rea de Comunica\u00e7\u00e3o, com \u00eanfase em performance, atuando principalmente nos seguintes temas: artes do corpo, artes visuais, comunica\u00e7\u00e3o, glossolalia, performance, semi\u00f3tica.<\/p>\n<p><a href=\"http:\/\/buscatextual.cnpq.br\/buscatextual\/visualizacv.do?id=K4797577Z6\">Lattes<\/a><\/p>\n","protected":false},"excerpt":{"rendered":"<p>Andr\u00e9 Quintino Andr\u00e9 Quintino \u00e9 artista multi-media, mestre em Cria\u00e7\u00e3o Art\u00edstica Contempor\u00e2nea pela Universidade de Aveiro (Portugal) e bacharel em Comunica\u00e7\u00e3o Social pela Universidade Federal do Cear\u00e1. Foi um dos membros fundadores do coletivo Balbucio (2003-2011), grupo destinado a investigar os modos de representa\u00e7\u00e3o na arte contempor\u00e2nea. Junto com o coletivo, executou mais de 40 [&hellip;]<\/p>\n","protected":false},"author":1,"featured_media":0,"parent":0,"menu_order":1,"comment_status":"open","ping_status":"open","template":"","meta":[],"_links":{"self":[{"href":"http:\/\/balbucio.com\/index.php?rest_route=\/wp\/v2\/pages\/33"}],"collection":[{"href":"http:\/\/balbucio.com\/index.php?rest_route=\/wp\/v2\/pages"}],"about":[{"href":"http:\/\/balbucio.com\/index.php?rest_route=\/wp\/v2\/types\/page"}],"author":[{"embeddable":true,"href":"http:\/\/balbucio.com\/index.php?rest_route=\/wp\/v2\/users\/1"}],"replies":[{"embeddable":true,"href":"http:\/\/balbucio.com\/index.php?rest_route=%2Fwp%2Fv2%2Fcomments&post=33"}],"version-history":[{"count":57,"href":"http:\/\/balbucio.com\/index.php?rest_route=\/wp\/v2\/pages\/33\/revisions"}],"predecessor-version":[{"id":142,"href":"http:\/\/balbucio.com\/index.php?rest_route=\/wp\/v2\/pages\/33\/revisions\/142"}],"wp:attachment":[{"href":"http:\/\/balbucio.com\/index.php?rest_route=%2Fwp%2Fv2%2Fmedia&parent=33"}],"curies":[{"name":"wp","href":"https:\/\/api.w.org\/{rel}","templated":true}]}}